ide 1067177018?
True
Is 183125807 a multiple of 9?
False
Is 17898600 a multiple of 3450?
True
Does 13 divide 7959623?
False
Is 45 a factor of 6572160?
True
Does 13 divide 29564327?
True
Does 8 divide 134273710?
False
Is 66 a factor of 60618756?
True
Does 750 divide 76151313?
False
Is 3671015 a multiple of 5?
True
Is 242641537 a multiple of 2915?
False
Does 96 divide 1504232232?
False
Is 23457372 a multiple of 1434?
True
Does 2274 divide 127944336?
True
Is 118 a factor of 880998470?
False
Is 17475358 a multiple of 286?
False
Does 107 divide 46193272?
False
Does 38 divide 250583096?
True
Does 11 divide 23352186?
True
Does 15 divide 6961283?
False
Is 2186 a factor of 187821120?
True
Does 852 divide 125277228?
True
Is 20 a factor of 4883580?
True
Is 314117969 a multiple of 127?
False
Is 222799059 a multiple of 119?
True
Is 56599863 a multiple of 947?
False
Is 27752517 a multiple of 9?
True
Is 381853949 a multiple of 629?
True
Is 215 a factor of 74898045?
True
Is 417569001 a multiple of 43?
True
Is 31241280 a multiple of 480?
True
Is 77 a factor of 139496254?
False
Does 14 divide 3992048?
False
Is 74369300 a multiple of 50?
True
Is 143848706 a multiple of 3?
False
Is 161 a factor of 1499743658?
True
Is 22 a factor of 25687676?
False
Is 4 a factor of 5041876?
True
Does 25 divide 33365475?
True
Does 174 divide 71258916?
True
Is 12 a factor of 1903896?
True
Does 120 divide 10842840?
True
Is 29 a factor of 317605216?
True
Is 15022084 a multiple of 133?
True
Is 16 a factor of 9743776?
True
Does 962 divide 389944776?
True
Is 20596184 a multiple of 8?
True
Does 696 divide 224258160?
True
Is 1368 a factor of 106468704?
True
Does 9 divide 1067210811?
True
Does 70 divide 4028062313?
False
Is 38715321 a multiple of 2?
False
Is 1605 a factor of 4281222296?
False
Is 20 a factor of 88114575?
False
Is 14 a factor of 8279538?
False
Does 16 divide 112400320?
True
Is 233 a factor of 32827242?
False
Is 10 a factor of 2593849762?
False
Is 203 a factor of 91514668?
False
Is 1739032140 a multiple of 4164?
True
Is 41 a factor of 108108657?
False
Is 15169788 a multiple of 276?
True
Does 12 divide 7013660?
False
Does 40 divide 18752050?
False
Is 1055552879 a multiple of 116?
False
Does 491 divide 1615261849?
True
Does 6 divide 562829532?
True
Does 1437 divide 87000291?
True
Is 207359580 a multiple of 964?
False
Is 1141614125 a multiple of 33?
False
Is 93451010 a multiple of 4274?
True
Is 14 a factor of 67864081?
False
Is 1312927837 a multiple of 48?
False
Is 147824361 a multiple of 15?
False
Does 22 divide 204351356?
True
Does 5 divide 232432895?
True
Is 1278643228 a multiple of 19?
True
Is 70 a factor of 3982227690?
True
Is 973573645 a multiple of 11?
True
Is 68486416 a multiple of 46?
False
Is 131012609 a multiple of 1625?
False
Is 7 a factor of 27813613?
False
Is 270820189 a multiple of 8?
False
Is 44 a factor of 255838421?
False
Does 314 divide 24773030?
True
Is 2865 a factor of 136868896?
False
Is 4 a factor of 1013311208?
True
Is 233 a factor of 11771393?
True
Is 19435968 a multiple of 164?
True
Does 6 divide 14877498?
True
Does 10 divide 378000520?
True
Does 135 divide 563883660?
True
Is 37203705 a multiple of 21?
True
Does 9 divide 294447833?
False
Is 3 a factor of 10595641?
False
Is 124 a factor of 155704357?
False
Is 8 a factor of 1383493040?
True
Is 4365 a factor of 870332985?
True
Is 280 a factor of 437685080?
True
Is 54365246 a multiple of 3238?
False
Is 158682157 a multiple of 13?
False
Is 23553047 a multiple of 7?
True
Is 1677913836 a multiple of 129?
True
Is 258 a factor of 1380237168?
False
Is 53 a factor of 3142168547?
True
Is 96409067 a multiple of 35?
False
Is 27114360 a multiple of 1690?
True
Is 74 a factor of 1668386684?
True
Is 138433792 a multiple of 4612?
True
Is 4150228 a multiple of 4?
True
Is 14 a factor of 4121852393?
False
Does 68 divide 338607904?
True
Is 253108727 a multiple of 15?
False
Does 4 divide 2940545401?
False
Is 220 a factor of 43193347?
False
Is 13 a factor of 58498349?
True
Is 261100453 a multiple of 904?
False
Does 2079 divide 88783695?
True
Is 23602306 a multiple of 1223?
False
Is 3547689430 a multiple of 5595?
False
Is 27 a factor of 208890117?
True
Is 778 a factor of 8622035?
False
Is 15483216 a multiple of 1589?
True
Is 456095112 a multiple of 42?
False
Is 48764160 a multiple of 102?
True
Is 6 a factor of 791482314?
True
Is 16305926 a multiple of 1274?
True
Is 50360001 a multiple of 200?
False
Does 17 divide 11790155?
False
Does 172 divide 49511576?
True
Is 7674215 a multiple of 5?
True
Is 15 a factor of 69626970?
True
Does 55 divide 5377106?
False
Is 40 a factor of 54824720?
True
Is 1360367164 a multiple of 52?
True
Does 287 divide 515850356?
True
Is 21 a factor of 3898108160?
False
Is 3 a factor of 196248236?
False
Does 2 divide 1432159?
False
Does 302 divide 152012908?
True
Is 8890391 a multiple of 11?
False
Is 141722528 a multiple of 16?
True
Is 1177 a factor of 43265343?
True
Is 77 a factor of 35441056?
False
Is 6329520 a multiple of 144?
True
Is 5678646 a multiple of 8?
False
Is 1258534464 a multiple of 32?
True
Is 39 a factor of 168260600?
False
Is 1721511013 a multiple of 1351?
False
Is 167 a factor of 2345651?
False
Is 14 a factor of 1329291468?
False
Is 26295840 a multiple of 27?
True
Is 33578061 a multiple of 33?
True
Is 5 a factor of 8489340?
True
Is 1890 a factor of 303302097?
False
Does 121 divide 59168104?
False
Does 79 divide 34295875?
True
Is 1675480800 a multiple of 6960?
True
Is 29 a factor of 89966978?
False
Is 20 a factor of 15272100?
True
Is 42 a factor of 204610770?
True
Is 286 a factor of 2136053634?
True
Is 16614796 a multiple of 116?
True
Does 17 divide 1654284427?
False
Is 306163289 a multiple of 1663?
True
Is 1294010460 a multiple of 2260?
True
Is 18861901 a multiple of 103?
False
Is 617 a factor of 890205181?
False
Does 21 divide 5358201?
False
Is 9004593 a multiple of 1119?
True
Is 3534 a factor of 201982236?
True
Is 372649536 a multiple of 464?
True
Is 11 a factor of 4488230?
False
Is 2700174547 a multiple of 7?
True
Does 86 divide 9092436?
True
Does 7 divide 14133448?
True
Does 1328 divide 86612605?
False
Does 45 divide 106947180?
True
Does 21 divide 37262021?
False
Does 320 divide 60903414?
False
Is 1290 a factor of 166284870?
True
Does 75 divide 2838720900?
True
Is 79814599 a multiple of 5?
False
Is 2 a factor of 14461519?
False
Does 5 divide 2206234180?
True
Does 714 divide 2062684596?
True
Is 822206784 a multiple of 688?
True
Is 37 a factor of 19033244?
True
Is 3638327040 a multiple of 530?
True
Is 2547 a factor of 45573471?
True
Does 18 divide 39988960?
False
Is 5636842 a multiple of 224?
False
Does 17 divide 78923364?
False
Is 4319397 a multiple of 381?
True
Is 170388412 a multiple of 2178?
False
Does 179 divide 66397007?
True
Does 9 divide 262020729?
False
Is 160 a factor of 2926565?
False
Is 3784 a factor of 2661069178?
False
Is 177400474 a multiple of 23?
False
Does 16 divide 276004786?
False
Does 12 divide 1092529441?
False
Does 44 divide 43294886?
False
Is 2891192736 a multiple of 11316?
True
Is 13 a factor of 58434025?
True
Is 10 a factor of 529505980?
True
Is 28 a factor of 84312844?
True
Does 53 divide 47619415?
False
Is 306450991 a multiple of 1011?
False
Is 23 a factor of 4263228089?
True
Is 5529 a factor of 106113976?
False
Is 846422928 a multiple of 104?
True
Is 307 a factor of 2463598?
False
Is 282387203 a multiple of 274?
False
Does 67 divide 14482988?
True
Is 14 a factor of 8703254?
True
Is 481600 a multiple of 344?
True
Is 13853672 a multiple of 118?
True
Does 287 divide 31712639?
True
Does 204 divide 3336878388?
True
Does 33 divide 6101634?
True
Is 4542881 a multiple of 1887?
False
Does 287 divide 326499278?
False
Does 8 divide 151772656?
True
Is 242 a factor of 130185048?
False
Is 83 a factor of 3170600?
True
Is 4122739036 a multiple of 13?
True
Is 65980226 a multiple of 37?
False
Does 8 divide 24074696?
True
Is 112 a factor of 201433232?
True
Is 516147574 a multiple of 541?
False
Is 90499370 a multiple of 57?
False
Is 49168697 a multiple of 1190?
False
Is 2018324166 a multiple of 1960?
False
Is 7 a factor of 7463540?
True
Is 7 a factor of 11275126?
False
Is 4 a factor of 5080605?
False
Is 5892373528 a multiple of 3790?
False
Is 529 a factor of 1782268117?
False
Do